 c(-2).
-2
Let h(k) = -12*k**2 - 4980*k + 4988. Calculate h(-416).
-4
Let w(k) = 3*k**3 - 57*k**2 + 252*k + 11. Determine w(7).
11
Let t(u) = u**3 - 2*u**2 - 2*u + 433. What is t(0)?
433
Let v(p) = 960*p - 18249. Give v(19).
-9
Let h(f) = 9*f - 71. Determine h(9).
10
Let z(q) = -q**3 + 3*q**2 + 70*q - 115. Give z(9).
29
Let h(b) = 50*b - 68. Give h(2).
32
Let i(z) = -z**2 - 27*z + 295. What is i(8)?
15
Let p(k) = k**3 - 16*k**2 + 46*k + 66. Calculate p(12).
42
Let k(j) = j**3 + 103*j**2 + 2*j + 216. Calculate k(-103).
10
Let f(w) = w**3 + 15*w**2 - 31*w - 89. What is f(-18)?
-503
Let m(y) = -10*y**2 - 107*y + 19. What is m(-11)?
-14
Let v(a) = a**3 + 116*a**2 + 449*a + 114. Give v(-112).
2
Let d(k) = -298*k**2 - 4170*k + 42. What is d(-14)?
14
Let y(h) = 10*h + 311. Determine y(-32).
-9
Let x(h) = h**2 + 78*h + 406. What is x(-68)?
-274
Let v(g) = -2*g**2 - 4*g + 126. What is v(8)?
-34
Let n(m) = -m**3 - 11*m**2 + 18*m - 5. Calculate n(-9).
-329
Let k(d) = -d**2 + 44*d + 77. What is k(46)?
-15
Let a(n) = -2*n**3 - 25*n**2 + 36*n - 74. Give a(-14).
10
Let k(i) = -i**3 - 147*i**2 - 1244*i - 296. Give k(-138).
-20
Let u(a) = -a**3 + 14*a**2 - 50*a + 17. Determine u(6).
5
Let d(t) = 113*t - 4078. Determine d(35).
-123
Let s(q) = q**3 - 147*q**2 - 164*q + 2373. Calculate s(148).
5
Let u(i) = 5*i + 210. What is u(-30)?
60
Let o(m) = -m**2 - 71*m + 5018. Determine o(-115).
-42
Let o(f) = -2*f**2 + 12*f - 43. Determine o(7).
-57
Let w(r) = -2*r**3 + 13*r**2 - 20*r + 84. What is w(6)?
0
Let v(y) = -146*y - 1445. Calculate v(-10).
15
Let c(m) = 219*m + 10. What is c(2)?
448
Let n(g) = 2*g**2 + 51*g + 214. Calculate n(-5).
9
Let i(a) = 35*a - 1139. Determine i(35).
86
Let b(c) = -3*c**2 - 58*c - 50. Give b(-23).
-303
Let u(a) = -2*a**2 + 288*a - 7479. Give u(110).
1
Let v(j) = -j**2 + 9*j + 360. Determine v(-11).
140
Let c(s) = s**2 + 56*s + 489. Determine c(-47).
66
Let k(o) = -o**2 - 897*o + 9994. Give k(11).
6
Let m(b) = 15*b + 390. What is m(-26)?
0
Let s(h) = h**2 + 444*h + 10077. Calculate s(-24).
-3
Let f(b) = -4*b**3 + 76*b**2 - 71*b - 49. Give f(18).
-31
Let z(f) = -312*f + 17468. Calculate z(56).
-4
Let v(n) = -458*n - 2765. What is v(-6)?
-17
Let d(g) = 2*g**3 - 283*g**2 + 2994*g - 530. What is d(130)?
-10
Let x(w) = -11*w - 136. Determine x(-20).
84
Let r(m) = -2*m**3 + 5*m**2 + 14*m + 10. What is r(-4)?
162
Let a(g) = -15722*g + 361613. Calculate a(23).
7
Let p(d) = 177*d - 933. Calculate p(10).
837
Let u(g) = -24*g**2 + 3*g - 15. Calculate u(6).
-861
Let k(n) = n**3 - 15*n**2 - 14*n + 380. Calculate k(14).
-12
Let y(s) = 3*s**2 + 88*s + 104. Give y(-23).
-333
Let n(s) = 3*s**2 + 97*s + 292. Give n(-3).
28
Let i(o) = 198*o - 3186. What is i(16)?
-18
Let q(o) = 31*o - 2427. What is q(78)?
-9
Let y(m) = 3*m**3 - 53*m**2 + 76*m + 66. What is y(16)?
2
Let s(c) = c**3 + 4*c**2 + 3*c + 88. Give s(-5).
48
Let s(g) = -g**3 + 72*g**2 + 554*g - 85. Give s(79).
-6
Let f(b) = -149*b - 2355. Give f(-16).
29
Let c(t) = -14*t + 42. Calculate c(2).
14
Let z(y) = y**3 + 43*y**2 + 50*y + 4105. Determine z(-44).
-31
Let g(r) = -38*r**2 - 883*r - 848. Calculate g(-1).
-3
Let m(w) = 125*w + 1232. Calculate m(-12).
-268
Let l(i) = 2*i**3 + 12*i**2 + 24*i + 2. Give l(-3).
-16
Let i(t) = -t**3 - 15*t**2 + 41*t + 120. What is i(-17)?
1
Let n(w) = 6*w**2 + 132*w + 5. Determine n(-22).
5
Let k(i) = 35*i**2 - 3119*i + 55. Determine k(89).
-301
Let w(b) = -b**2 + 112*b - 815. Give w(8).
17
Let h(q) = -8004*q - 128058. Determine h(-16).
6
Let s(d) = 177*d + 1091. Determine s(-6).
29
Let d(o) = o**3 - 16*o**2 - 91*o - 286. Give d(21).
8
Let g(a) = -a**3 + 70*a**2 - 124*a - 812. Give g(68).
4
Let t(y) = -82*y - 386. Give t(4).
-714
Let q(r) = -5*r**2 - 105*r - 30. Calculate q(-17).
310
Let y(a) = 270*a + 10147. Give y(-38).
-113
Let v(b) = b**3 - 9*b**2 + 21*b - 5. Give v(5).
0
Let x(q) = 42*q + 498. Determine x(-20).
-342
Let k(y) = -y**3 + 22*y**2 + 181*y - 3211. Determine k(24).
-19
Let g(n) = -n**2 - 41*n - 244. Calculate g(0).
-244
Let l(p) = -p**3 - 15*p**2 - 4*p + 30. Calculate l(-14).
-110
Let r(m) = -m**2 - 56*m - 672. Give r(-18).
12
Let c(w) = -6*w**3 + 8*w**2 + 20*w + 18. Calculate c(-4).
450
Let r(g) = -2*g**2 + 9*g + 18. Determine r(14).
-248
Let u(h) = 41*h - 863. Determine u(18).
-125
Let a(v) = -v**2 - 37*v - 215. Determine a(-31).
-29
Let j(p) = -2*p**3 + 4*p**2 + 198*p - 785. What is j(4)?
-57
Let o(x) = -121*x - 35084. Calculate o(-290).
6
Let t(f) = -2*f**3 - 282*f**2 + 105*f + 14831. What is t(-141)?
26
Let g(l) = -14*l**2 + 82*l + 9. Determine g(8).
-231
Let d(f) = 582*f + 27307. Calculate d(-47).
-47
Let i(y) = -14*y + 2011. Give i(144).
-5
Let w(l) = 133*l + 999. What is w(-7)?
68
Let j(p) = 818*p + 14726. Determine j(-18).
2
Let k(x) = 264*x + 1005. Give k(-4).
-51
Let n(z) = z**3 - 14*z**2 - 12*z + 4. Give n(14).
-164
Let o(h) = 5*h**3 + 19*h**2 - 38*h + 10. What is o(2)?
50
Let x(l) = l**3 - 3*l**2 + 241*l - 1230. What is x(5)?
25
Let s(h) = 26*h + 842. What is s(-32)?
10
Let c(f) = f**3 + 7*f**2 + 24. Determine c(-9).
-138
Let u(s) = s**2 + 15*s + 49. Determine u(-9).
-5
Let r(i) = -9*i**2 + 37*i + 203. What is r(-5)?
-207
Let h(z) = 12*z**2 - 66*z + 6. Give h(7).
132
Let h(y) = -y**2 + 36*y + 47. Give h(39).
-70
Let n(z) = z**2 + 8*z - 5. Determine n(-4).
-21
Let t(z) = -23*z + 5. Calculate t(-3).
74
Let q(l) = 8*l - 25. Determine q(4).
7
Let r(w) = -24*w - 375. Give r(-16).
9
Let x(j) = 2*j**2 + 554*j + 4817. What is x(-9)?
-7
Let d(i) = i**3 - 32*i**2 - 34*i - 33. Determine d(33).
-66
Let n(o) = -3*o**3 + 88*o**2 - 49*o + 618. Determine n(29).
38
Let d(h) = -9*h**3 + 65*h**2 - 15*h + 5. Determine d(7).
-2
Let n(w) = -5*w**3 - 235*w**2 - 232*w - 89. Give n(-46).
3
Let j(s) = -22*s**3 - 99*s**2 + 10*s - 8. Determine j(-5).
217
Let c(p) = -p**3 - 64*p**2 + 3*p - 98. Give c(-64).
-290
Let o(u) = -87*u**2 + 38*u + 47. Give o(-2).
-377
Let w(h) = h**3 - 32*h**2 - 65*h + 15. Give w(34).
117
Let c(v) = -v**3 + v**2 + 4*v - 188. What is c(0)?
-188
Let j(g) = 4*g**2 + 7*g - 91. Calculate j(4).
1
Let r(t) = 44*t + 3300. Determine r(-75).
0
Let v(y) = 2319*y + 23186. Give v(-10).
-4
Let r(g) = -268*g + 1371. What is r(5)?
31
Let k(g) = -5*g + 93. Calculate k(9).
48
Let w(v) = 8*v - 472. What is w(60)?
8
Let f(z) = -59*z - 37. What is f(-1)?
22
Let b(z) = -169*z - 1374. Determine b(-9).
147
Let j(r) = 1510*r - 3008. Calculate j(2).
12
Let f(c) = -349*c**2 - 9*c + 1. Determine f(-1).
-339
Let f(r) = 2*r**3 - 34*r**2 - 150*r - 2895. Give f(23).
3
Let y(j) = -j**2 + 33*j - 217. Give y(9).
-1
Let u(c) = 6*c**2 - 76*c + 26. What is u(12)?
-22
Let g(w) = w**2 - 17*w - 35. Determine g(26).
199
Let m(q) = -q**2 - 56*q - 607. Give m(-14).
-19
Let i(t) = -t**2 - 13*t - 2. Determine i(-14).
-16
Let a(c) = -c**2 - 193*c + 3108. Give a(15).
-12
Let h(f) = f**2 - 5*f - 34. Determine h(11).
32
Let h(s) = 4*s**2 - 31*s + 54. Calculate h(5).
-1
Let s(z) = 2*z**3 - 3*z**2 + 4*z + 20. What is s(-3)?
-73
Let s(r) = -r**3 - 19*r**2 + 320*r - 276. Calculate s(-30).
24
Let t(l) = -26*l**2 + 8*l + 9. Calculate t(-4).
-439
Let a(l) = l**2 - 901*l + 16758. What is a(19)?
0
Let o(l) = 17*l + 122. What is o(-11)?
-65
Let p(x) = -2*x**3 + 81*x**2 - 804*x + 88. Calculate p(17).
3
Let c(t) = 4*t - 113. Calculate c(-15).
-173
Let c(x) = -167*x + 17043. Give c(102).
9
Let s(m) = -m**2 - 31*m + 74. Give s(-39).
-238
Let t(u) = 40*u - 8. Calculate t(0).
-8
Let m(y) = -y**3 - 77*y**2 - 480*y + 708. Calculate m(-70).
8
Let u(j) = j**3 - 25*j**2 + 15*j + 717. Calculate u(23).
4
Let l(z) = -11*z**2 - 5*z + 4. Calculate l(-4).
-152
Let h(p) = -p**2 + 131*p + 2205. What is h(-15)?
15
Let z(u) = -9*u**3 + u**2 + 32*u + 31. Calculate z(-1).
9
Let j(n) = n**3 - 45*n**2 - 81*n - 597. What is j(47)?
14
Let v(j) = -j**3 - 41*j**2 + 44*j + 96. Give v(-42).
12
Let k(a) = -2*a**3 + 120*a**2 - 220*a - 678. What is k(58)?
18
Let p(i) = i**2 - 30*i - 186. Give p(-5).
-11
Let z(x) = 7*x + 24. Determine z(7).
73
Let j(m) = 193*m + 599. Give j(-5).
-366
Let u(c) = 250*c - 1352. What is u(5)?
-102
Let a(r) = r**3 - 11*r**2 + 39*r - 134. Determine a(8).
-14
Let f(c) = c**3 + 33*c**2 + 93*c + 170. What is f(-30)?
80
Let x(c) = -170*c**3 + 3*c**2 - 6*c + 7. Calculate x(1).
-166
Let z(b) = 2*b**2 - 3*b + 78. 